 4, what is 30233 + -233010100?
-232313201
In base 8, what is 43 + 17660?
17723
In base 16, what is 29 - 11299?
-11270
In base 6, what is -3335323421 + -5?
-3335323430
In base 10, what is 2 - -6501389?
6501391
In base 4, what is -2221 + -13120200?
-13123021
In base 14, what is 34 + -5d759d?
-5d7569
In base 14, what is 1 - 2aa409b?
-2aa409a
In base 5, what is -10420 + -1100120?
-1111040
In base 13, what is -14828aa + -5c?
-1482939
In base 8, what is 477010723 - 2?
477010721
In base 15, what is 10313 - -3a?
1034d
In base 9, what is -14 + 415382?
415367
In base 4, what is -3 - -33300120330?
33300120321
In base 6, what is -1234221 + 331?
-1233450
In base 2, what is 110000101010001011101100100 - -10?
110000101010001011101100110
In base 12, what is 0 + 773696?
773696
In base 7, what is 213626526 + -2?
213626524
In base 12, what is -371a15a + -10?
-371a16a
In base 6, what is -4150405343 - -53?
-4150405250
In base 14, what is 261395 + 25d?
261614
In base 13, what is 266b - -1c92a?
22298
In base 15, what is -1 - -1c46ad6?
1c46ad5
In base 6, what is 32515 - -15020?
51535
In base 7, what is 2 - 64462?
-64460
In base 6, what is -5212335 - -1222?
-5211113
In base 6, what is 413 + -242045404?
-242044551
In base 11, what is 128 - 177088?
-176a60
In base 13, what is -87515a - 5?
-875162
In base 9, what is 443048 - -121?
443170
In base 12, what is -574a - -22793?
19045
In base 7, what is -330651503 + -1?
-330651504
In base 4, what is 3312013 + 112000?
10030013
In base 5, what is 333242 + 3032?
341324
In base 6, what is -555 + -245544?
-250543
In base 6, what is 51250 - -55112?
150402
In base 13, what is -37bcc4 - -4?
-37bcc0
In base 15, what is -3c9 - d27?
-1201
In base 7, what is -60 - -205051?
204661
In base 3, what is 20202100001 - 12?
20202022212
In base 13, what is 460 - c100?
-b970
In base 8, what is 4 + -1715003071?
-1715003065
In base 3, what is 0 - -2212112000120221?
2212112000120221
In base 16, what is 3a3ae + 3?
3a3b1
In base 12, what is -23 + 38b09?
38aa6
In base 4, what is -1110000 + 113223?
-330111
In base 6, what is -205243021 + 15?
-205243002
In base 15, what is 46b3 + 5c7?
4c8a
In base 9, what is -200 + -883?
-1183
In base 4, what is 2332010 + -130132?
2201212
In base 15, what is -46d3042c + -3?
-46d30430
In base 16, what is 0 + -3001a6?
-3001a6
In base 12, what is 1095 - -b1359?
b2432
In base 9, what is 5 + -10447376?
-10447371
In base 15, what is -5789 - 28?
-57b2
In base 14, what is -4d05 - -451?
-4894
In base 10, what is -188527 - -2015?
-186512
In base 2, what is -10110010011001100101110000 + -11?
-10110010011001100101110011
In base 5, what is -2400113 - 1211340?
-4112003
In base 14, what is -2b9b - 1888?
-4645
In base 13, what is -2514 + -16a0b?
-19222
In base 8, what is -365667055 + 2?
-365667053
In base 16, what is -4 + -209a91?
-209a95
In base 16, what is -818 + ab00?
a2e8
In base 7, what is -5100530 + -32?
-5100562
In base 3, what is -1110201200 + -112?
-1110202012
In base 11, what is 241307 - -29?
241335
In base 14, what is 2 - 25d227?
-25d225
In base 2, what is 101000110010011 - 111111000111?
100000111001100
In base 5, what is -2241 - -30110244?
30103003
In base 10, what is 987 + 681464?
682451
In base 4, what is -1122 - 3123001310?
-3123003032
In base 3, what is -12 - -22121121122202?
22121121122120
In base 4, what is 2031230103 + -1201?
2031222302
In base 11, what is 2834 - 4325?
-15a1
In base 13, what is -193063 + 3?
-193060
In base 12, what is -19ab5 - -1a16?
-1809b
In base 16, what is 72275f + -6?
722759
In base 6, what is 124115 - -1415?
125534
In base 9, what is 1 - 2803027?
-2803026
In base 5, what is -310212230 - -21?
-310212204
In base 4, what is 1331200311132 - 0?
1331200311132
In base 8, what is -6051 - 21500?
-27551
In base 14, what is -1bb5 + -27cc?
-45a3
In base 12, what is -300 - -26a860?
26a560
In base 14, what is 8004 - -1b70?
9b74
In base 4, what is -2202131 + -30203333?
-33012130
In base 8, what is -4 + -5523277?
-5523303
In base 13, what is -104c64a - -99?
-104c581
In base 5, what is 11223134 - 22?
11223112
In base 7, what is -566150431 + -3?
-566150434
In base 16, what is 7b6630b - 5?
7b66306
In base 3, what is 1102212002201 - 1210201?
1102210022000
In base 8, what is -307 - -546674?
546365
In base 15, what is 16c9a74 - -2?
16c9a76
In base 12, what is -76 - 5737b?
-57435
In base 12, what is 1187 + -13141?
-11b76
In base 15, what is 4 - -9249a?
9249e
In base 5, what is -12223 - -133343?
121120
In base 3, what is -102021002102001 + 20?
-102021002101211
In base 16, what is 12f - -12c7?
13f6
In base 12, what is 971a02 + 7?
971a09
In base 6, what is -515245 + -545?
-520234
In base 10, what is -4 - -9907985?
9907981
In base 15, what is -3 - -21d7a4?
21d7a1
In base 4, what is -1 - 202222130232?
-202222130233
In base 13, what is 1 + -a37831?
-a37830
In base 8, what is -5 - -15264654?
15264647
In base 10, what is 40515 - 783?
39732
In base 2, what is -1111111011010000001000001 - -11?
-1111111011010000000111110
In base 2, what is 110000 + -1001011101111111100011?
-1001011101111110110011
In base 7, what is -1641 - -152?
-1456
In base 10, what is 2 - 121435?
-121433
In base 8, what is 0 + 56104743?
56104743
In base 13, what is -165 + 8b7?
752
In base 16, what is -4 - 372b20?
-372b24
In base 16, what is -46 - 4c644?
-4c68a
In base 12, what is 1b9a69 - -30?
1b9a99
In base 14, what is -c9637 + -9?
-c9642
In base 8, what is 65 + -1163623?
-1163536
In base 12, what is 4 + -113b8597?
-113b8593
In base 11, what is -656a1 - -2a9?
-653a3
In base 9, what is -14834546 + 2?
-14834544
In base 4, what is 1123212102 - -1?
1123212103
In base 4, what is -1103311022 + -123?
-1103311211
In base 2, what is 100011010101010 - -1111000001011001?
10011011100000011
In base 16, what is -d685903 + -7?
-d68590a
In base 8, what is 447506 - -112?
447620
In base 6, what is -135 - -2253241?
2253102
In base 2, what is -10110100010 + -11110110100011?
-100001101000101
In base 4, what is -23 + 101132023322?
101132023233
In base 11, what is 18a45 + 31a7?
21141
In base 2, what is 10101010100010001100110 + 100?
10101010100010001101010
In base 9, what is 6 - 525210?
-525203
In base 12, what is 48193 + abb6?
57189
In base 2, what is -1 - -1011011111000000110101?
1011011111000000110100
In base 12, what is -61 - b59061?
-b59102
In base 9, what is -10236137 + 25?
-10236112
In base 3, what is -20210210222221110 - 12?
-20210210222221122
In base 4, what is -2 + -111033001021?
-111033001023
In base 8, what is -1276536307 - 2?
-1276536311
In base 3, what is -2222102022101 - -2?
-2222102022022
In base 7, what is 4 - 113506013?
-113506006
In base 9, what is 42 + -5276256?
-5276214
In base 11, what is 898a + -438?
8552
In base 5, what is -11442 + -13210002?
-13221444
In base 15, what is -1c41d - -c9?
-1c344
In base 13, what is -41823048 + 0?
-41823048
In base 7, what is -314064 + 105?
-313656
In base 16, what is eae76ce - 1?
eae76cd
In base 8, what is 335247 + 65?
335334
In base 12, what is -6ba + -7364b?
-74149
In base 8, what is 231156630 - -4?
231156634
In base 13, what is 28a19 + -49c?
2854a
In base 5, what is -10 - 10312122224?
-10312122234
In base 6, what is 41213 - -343?
42000
In base 5, what is -1 + -410422403033?
-410422403034
In base 11, what is -10719 + 575?
-10154
In base 13, what is 337 + -67ca3?
-67969
In base 4, what is 3 + 313121031030?
313121031033
In base 2, what is 1100101110011001111011 + -110?
1100101110011001110101
In base 12, what is -39028 - 124?
-39150
In base 13, what is -b5 + -b45a?
-b542
In base 6, what is -14150 + 10213?
-3533
In base 6, what is 4445355334 - 3?
4445355331
In base 4, what is -12010022 - -311?
-12003111
In base 3, what is 2210112000 - 202011?
2202202212
In base 2, what is 110000100100 - -1101010?
110010001110
In base 2, what is 11 + -1000000110111011010100?
-1000000110111011010001
In base 5, what is -11023411211 + -33?
-11023411244
In base 14, what is a6d3 - 4747?
5d8a
In base 11, what is 45a1 - -554?
5045
In base 12, what is -a0 + 31403?
31323
In base 16, what is -13609c - 245?
-1362e1
In base 2, what is -1001110101011 - -10000000100110?
110001111011
In base 11, what is -4252 - -333?
-3a1a
In base 13, what is 5 + -342132a?
-3421325
In base 7, what is -553336431 - 3?
-553336434
In base 15, what is 82d7a290 + 4?
82d7a294
In b